{"id":568,"date":"2020-12-13T10:49:47","date_gmt":"2020-12-13T13:49:47","guid":{"rendered":"https:\/\/disaeng.com\/?page_id=568"},"modified":"2020-12-13T10:49:49","modified_gmt":"2020-12-13T13:49:49","slug":"obra-em-condominio-sem-gerenciamento-saiba-os-problemas","status":"publish","type":"page","link":"https:\/\/disaeng.com\/?page_id=568","title":{"rendered":"Obra em Condom\u00ednio sem Gerenciamento. Saiba os problemas"},"content":{"rendered":"\n<p>Os s\u00edndicos assumem diversas fun\u00e7\u00f5es em um condom\u00ednio, uma delas \u00e9 a responsabilidade pelas obras nas \u00e1reas comuns, e a verifica\u00e7\u00e3o se as obras internas aos apartamentos est\u00e3o de acordo com as normas vigentes e do condom\u00ednio. Em muitos casos as obras s\u00e3o deixadas na responsabilidade de empreiteiros ou at\u00e9 mesmos profissionais aut\u00f4nomos, o que pode levar \u00e0 alguns problemas s\u00e3o eles:<\/p>\n\n\n\n<figure class=\"wp-block-image size-large\"><img fetchpriority=\"high\" decoding=\"async\" width=\"784\" height=\"522\" src=\"https:\/\/disaeng.com\/wp-content\/uploads\/2020\/12\/obra-condominio.png\" alt=\"\" class=\"wp-image-569\" srcset=\"https:\/\/disaeng.com\/wp-content\/uploads\/2020\/12\/obra-condominio.png 784w, https:\/\/disaeng.com\/wp-content\/uploads\/2020\/12\/obra-condominio-300x200.png 300w, https:\/\/disaeng.com\/wp-content\/uploads\/2020\/12\/obra-condominio-768x511.png 768w, https:\/\/disaeng.com\/wp-content\/uploads\/2020\/12\/obra-condominio-720x479.png 720w\" sizes=\"(max-width: 784px) 100vw, 784px\" \/><\/figure>\n\n\n\n<p><strong>\u2013 DESCUMPRIMENTO DE PRAZO<\/strong>, a obra dura mais que o previsto, gerando inc\u00f4modo aos moradores que pressionam o s\u00edndico por solu\u00e7\u00f5es.<\/p>\n\n\n\n<p><strong>\u2013 FALTA DE QUALIDADE,<\/strong> obra executada sem fiscaliza\u00e7\u00e3o e sem o acompanhamento de um profissional (engenheiro e\/ou arquiteto), o que gera retrabalhos com maior gasto ao condom\u00ednio.<\/p>\n\n\n\n<p><strong>\u2013 FALTA DE SEGURAN\u00c7A DO TRABALHO<\/strong>, qualquer acidente do trabalho em uma obra \u00e9 de responsabilidade do executor e cliente, no caso de uma <strong>GERENCIADORA<\/strong> acompanhar a obra a responsabilidade do s\u00edndico \u00e9 transferida para esta <strong>FISCALIZADORA<\/strong>.\u00a0 Acidentes graves podem gerar muitas \u201cdores de cabe\u00e7a\u201d, prevenir sempre \u00e9 o melhor a se fazer.<\/p>\n\n\n\n<p><strong>\u2013 DESPERD\u00cdCIOS<\/strong>, em diversas obras a falta de <strong>FISCALIZA\u00c7\u00c3O<\/strong> pode acarretar gastos excessivos de materiais, descarte de forma errada, armazenamento feito de forma incorreta, ou seja, uma s\u00e9rie de procedimentos que geralmente n\u00e3o s\u00e3o adotados quando n\u00e3o h\u00e1 um respons\u00e1vel pelo <strong>GERENCIAMETO DA OBRA.<\/strong><\/p>\n\n\n\n<p>Para evitar esses e outros tipos de problemas, fale agora mesmo com a nossa equipe e saiba como podemos ajudar em sua obra<\/p>\n\n\n<div style=\"margin: 30px 0 30px;\"><a target=\"_blank\" href=\"https:\/\/api.whatsapp.com\/send?phone=\" class=\"wa__button wa__r_button wa__stt_online wa__btn_w_icon\" style=\"background-color: #2DB742; color: #fff\"><div class=\"wa__btn_icon\"><img decoding=\"async\" src=\"https:\/\/disaeng.com\/wp-content\/plugins\/wp-whatsapp\/assets\/img\/whatsapp_logo.svg\" alt=\"img\"\/><\/div><div class=\"wa__btn_txt\"><div class=\"wa__cs_info\"><div class=\"wa__cs_name\" style=\"color: #fff\">Fale pelo Whatsapp<\/div><div class=\"wa__cs_status\">Online<\/div><\/div><div class=\"wa__btn_title\">Tire suas d\u00favidas agora<\/div><\/div><\/a><\/div>","protected":false},"excerpt":{"rendered":"<p>Os s\u00edndicos assumem diversas fun\u00e7\u00f5es em um condom\u00ednio, uma delas \u00e9 a responsabilidade pelas obras nas \u00e1reas comuns, e a [&hellip;]<\/p>\n","protected":false},"author":2,"featured_media":0,"parent":0,"menu_order":0,"comment_status":"closed","ping_status":"closed","template":"","meta":{"footnotes":""},"class_list":["post-568","page","type-page","status-publish","hentry"],"yoast_head":"<!-- This site is optimized with the Yoast SEO plugin v27.5 - https:\/\/yoast.com\/product\/yoast-seo-wordpress\/ -->\n<title>Obra em Condom\u00ednio sem Gerenciamento. Saiba os problemas | Disa<\/title>\n<meta name=\"description\" content=\"Evite problemas em sua obra no condom\u00ednio e fale com uma consultoria especializada em gest\u00e3o de obras em condom\u00ednios. Acesse.\" \/>\n<meta name=\"robots\" content=\"index, follow, max-snippet:-1, max-image-preview:large, max-video-preview:-1\" \/>\n<link rel=\"canonical\" href=\"https:\/\/disaeng.com\/?page_id=568\" \/>\n<meta property=\"og:locale\" content=\"pt_BR\" \/>\n<meta property=\"og:type\" content=\"article\" \/>\n<meta property=\"og:title\" content=\"Obra em Condom\u00ednio sem Gerenciamento. Saiba os problemas | Disa\" \/>\n<meta property=\"og:description\" content=\"Evite problemas em sua obra no condom\u00ednio e fale com uma consultoria especializada em gest\u00e3o de obras em condom\u00ednios. Acesse.\" \/>\n<meta property=\"og:url\" content=\"https:\/\/disaeng.com\/?page_id=568\" \/>\n<meta property=\"og:site_name\" content=\"Disa Engenharia\" \/>\n<meta property=\"article:modified_time\" content=\"2020-12-13T13:49:49+00:00\" \/>\n<meta property=\"og:image\" content=\"https:\/\/disaeng.com\/wp-content\/uploads\/2020\/12\/obra-condominio.png\" \/>\n<meta name=\"twitter:card\" content=\"summary_large_image\" \/>\n<meta name=\"twitter:label1\" content=\"Est. tempo de leitura\" \/>\n\t<meta name=\"twitter:data1\" content=\"1 minuto\" \/>\n<script type=\"application\/ld+json\" class=\"yoast-schema-graph\">{\"@context\":\"https:\\\/\\\/schema.org\",\"@graph\":[{\"@type\":\"WebPage\",\"@id\":\"https:\\\/\\\/disaeng.com\\\/?page_id=568\",\"url\":\"https:\\\/\\\/disaeng.com\\\/?page_id=568\",\"name\":\"Obra em Condom\u00ednio sem Gerenciamento. Saiba os problemas | Disa\",\"isPartOf\":{\"@id\":\"https:\\\/\\\/disaeng.com\\\/#website\"},\"primaryImageOfPage\":{\"@id\":\"https:\\\/\\\/disaeng.com\\\/?page_id=568#primaryimage\"},\"image\":{\"@id\":\"https:\\\/\\\/disaeng.com\\\/?page_id=568#primaryimage\"},\"thumbnailUrl\":\"https:\\\/\\\/disaeng.com\\\/wp-content\\\/uploads\\\/2020\\\/12\\\/obra-condominio.png\",\"datePublished\":\"2020-12-13T13:49:47+00:00\",\"dateModified\":\"2020-12-13T13:49:49+00:00\",\"description\":\"Evite problemas em sua obra no condom\u00ednio e fale com uma consultoria especializada em gest\u00e3o de obras em condom\u00ednios. Acesse.\",\"breadcrumb\":{\"@id\":\"https:\\\/\\\/disaeng.com\\\/?page_id=568#breadcrumb\"},\"inLanguage\":\"pt-BR\",\"potentialAction\":[{\"@type\":\"ReadAction\",\"target\":[\"https:\\\/\\\/disaeng.com\\\/?page_id=568\"]}]},{\"@type\":\"ImageObject\",\"inLanguage\":\"pt-BR\",\"@id\":\"https:\\\/\\\/disaeng.com\\\/?page_id=568#primaryimage\",\"url\":\"https:\\\/\\\/disaeng.com\\\/wp-content\\\/uploads\\\/2020\\\/12\\\/obra-condominio.png\",\"contentUrl\":\"https:\\\/\\\/disaeng.com\\\/wp-content\\\/uploads\\\/2020\\\/12\\\/obra-condominio.png\",\"width\":784,\"height\":522},{\"@type\":\"BreadcrumbList\",\"@id\":\"https:\\\/\\\/disaeng.com\\\/?page_id=568#breadcrumb\",\"itemListElement\":[{\"@type\":\"ListItem\",\"position\":1,\"name\":\"In\u00edcio\",\"item\":\"https:\\\/\\\/disaeng.com\\\/\"},{\"@type\":\"ListItem\",\"position\":2,\"name\":\"Obra em Condom\u00ednio sem Gerenciamento. Saiba os problemas\"}]},{\"@type\":\"WebSite\",\"@id\":\"https:\\\/\\\/disaeng.com\\\/#website\",\"url\":\"https:\\\/\\\/disaeng.com\\\/\",\"name\":\"Disa Engenharia\",\"description\":\"Engenharia Consultoria\",\"publisher\":{\"@id\":\"https:\\\/\\\/disaeng.com\\\/#organization\"},\"potentialAction\":[{\"@type\":\"SearchAction\",\"target\":{\"@type\":\"EntryPoint\",\"urlTemplate\":\"https:\\\/\\\/disaeng.com\\\/?s={search_term_string}\"},\"query-input\":{\"@type\":\"PropertyValueSpecification\",\"valueRequired\":true,\"valueName\":\"search_term_string\"}}],\"inLanguage\":\"pt-BR\"},{\"@type\":\"Organization\",\"@id\":\"https:\\\/\\\/disaeng.com\\\/#organization\",\"name\":\"Disa Engenharia\",\"url\":\"https:\\\/\\\/disaeng.com\\\/\",\"logo\":{\"@type\":\"ImageObject\",\"inLanguage\":\"pt-BR\",\"@id\":\"https:\\\/\\\/disaeng.com\\\/#\\\/schema\\\/logo\\\/image\\\/\",\"url\":\"https:\\\/\\\/disaeng.com\\\/wp-content\\\/uploads\\\/2019\\\/04\\\/logo-disaeng-fundo.png\",\"contentUrl\":\"https:\\\/\\\/disaeng.com\\\/wp-content\\\/uploads\\\/2019\\\/04\\\/logo-disaeng-fundo.png\",\"width\":181,\"height\":80,\"caption\":\"Disa Engenharia\"},\"image\":{\"@id\":\"https:\\\/\\\/disaeng.com\\\/#\\\/schema\\\/logo\\\/image\\\/\"}}]}<\/script>\n<!-- \/ Yoast SEO plugin. -->","yoast_head_json":{"title":"Obra em Condom\u00ednio sem Gerenciamento. Saiba os problemas | Disa","description":"Evite problemas em sua obra no condom\u00ednio e fale com uma consultoria especializada em gest\u00e3o de obras em condom\u00ednios. Acesse.","robots":{"index":"index","follow":"follow","max-snippet":"max-snippet:-1","max-image-preview":"max-image-preview:large","max-video-preview":"max-video-preview:-1"},"canonical":"https:\/\/disaeng.com\/?page_id=568","og_locale":"pt_BR","og_type":"article","og_title":"Obra em Condom\u00ednio sem Gerenciamento. Saiba os problemas | Disa","og_description":"Evite problemas em sua obra no condom\u00ednio e fale com uma consultoria especializada em gest\u00e3o de obras em condom\u00ednios. Acesse.","og_url":"https:\/\/disaeng.com\/?page_id=568","og_site_name":"Disa Engenharia","article_modified_time":"2020-12-13T13:49:49+00:00","og_image":[{"url":"https:\/\/disaeng.com\/wp-content\/uploads\/2020\/12\/obra-condominio.png","type":"","width":"","height":""}],"twitter_card":"summary_large_image","twitter_misc":{"Est. tempo de leitura":"1 minuto"},"schema":{"@context":"https:\/\/schema.org","@graph":[{"@type":"WebPage","@id":"https:\/\/disaeng.com\/?page_id=568","url":"https:\/\/disaeng.com\/?page_id=568","name":"Obra em Condom\u00ednio sem Gerenciamento. Saiba os problemas | Disa","isPartOf":{"@id":"https:\/\/disaeng.com\/#website"},"primaryImageOfPage":{"@id":"https:\/\/disaeng.com\/?page_id=568#primaryimage"},"image":{"@id":"https:\/\/disaeng.com\/?page_id=568#primaryimage"},"thumbnailUrl":"https:\/\/disaeng.com\/wp-content\/uploads\/2020\/12\/obra-condominio.png","datePublished":"2020-12-13T13:49:47+00:00","dateModified":"2020-12-13T13:49:49+00:00","description":"Evite problemas em sua obra no condom\u00ednio e fale com uma consultoria especializada em gest\u00e3o de obras em condom\u00ednios. Acesse.","breadcrumb":{"@id":"https:\/\/disaeng.com\/?page_id=568#breadcrumb"},"inLanguage":"pt-BR","potentialAction":[{"@type":"ReadAction","target":["https:\/\/disaeng.com\/?page_id=568"]}]},{"@type":"ImageObject","inLanguage":"pt-BR","@id":"https:\/\/disaeng.com\/?page_id=568#primaryimage","url":"https:\/\/disaeng.com\/wp-content\/uploads\/2020\/12\/obra-condominio.png","contentUrl":"https:\/\/disaeng.com\/wp-content\/uploads\/2020\/12\/obra-condominio.png","width":784,"height":522},{"@type":"BreadcrumbList","@id":"https:\/\/disaeng.com\/?page_id=568#breadcrumb","itemListElement":[{"@type":"ListItem","position":1,"name":"In\u00edcio","item":"https:\/\/disaeng.com\/"},{"@type":"ListItem","position":2,"name":"Obra em Condom\u00ednio sem Gerenciamento. Saiba os problemas"}]},{"@type":"WebSite","@id":"https:\/\/disaeng.com\/#website","url":"https:\/\/disaeng.com\/","name":"Disa Engenharia","description":"Engenharia Consultoria","publisher":{"@id":"https:\/\/disaeng.com\/#organization"},"potentialAction":[{"@type":"SearchAction","target":{"@type":"EntryPoint","urlTemplate":"https:\/\/disaeng.com\/?s={search_term_string}"},"query-input":{"@type":"PropertyValueSpecification","valueRequired":true,"valueName":"search_term_string"}}],"inLanguage":"pt-BR"},{"@type":"Organization","@id":"https:\/\/disaeng.com\/#organization","name":"Disa Engenharia","url":"https:\/\/disaeng.com\/","logo":{"@type":"ImageObject","inLanguage":"pt-BR","@id":"https:\/\/disaeng.com\/#\/schema\/logo\/image\/","url":"https:\/\/disaeng.com\/wp-content\/uploads\/2019\/04\/logo-disaeng-fundo.png","contentUrl":"https:\/\/disaeng.com\/wp-content\/uploads\/2019\/04\/logo-disaeng-fundo.png","width":181,"height":80,"caption":"Disa Engenharia"},"image":{"@id":"https:\/\/disaeng.com\/#\/schema\/logo\/image\/"}}]}},"_links":{"self":[{"href":"https:\/\/disaeng.com\/index.php?rest_route=\/wp\/v2\/pages\/568","targetHints":{"allow":["GET"]}}],"collection":[{"href":"https:\/\/disaeng.com\/index.php?rest_route=\/wp\/v2\/pages"}],"about":[{"href":"https:\/\/disaeng.com\/index.php?rest_route=\/wp\/v2\/types\/page"}],"author":[{"embeddable":true,"href":"https:\/\/disaeng.com\/index.php?rest_route=\/wp\/v2\/users\/2"}],"replies":[{"embeddable":true,"href":"https:\/\/disaeng.com\/index.php?rest_route=%2Fwp%2Fv2%2Fcomments&post=568"}],"version-history":[{"count":1,"href":"https:\/\/disaeng.com\/index.php?rest_route=\/wp\/v2\/pages\/568\/revisions"}],"predecessor-version":[{"id":570,"href":"https:\/\/disaeng.com\/index.php?rest_route=\/wp\/v2\/pages\/568\/revisions\/570"}],"wp:attachment":[{"href":"https:\/\/disaeng.com\/index.php?rest_route=%2Fwp%2Fv2%2Fmedia&parent=568"}],"curies":[{"name":"wp","href":"https:\/\/api.w.org\/{rel}","templated":true}]}}